{"id":11,"date":"2019-03-11T17:53:10","date_gmt":"2019-03-11T16:53:10","guid":{"rendered":"http:\/\/www.tanja-contino.de\/?page_id=11"},"modified":"2025-10-04T16:38:37","modified_gmt":"2025-10-04T14:38:37","slug":"startseite","status":"publish","type":"page","link":"https:\/\/www.contino-tour.de\/","title":{"rendered":"Startseite"},"content":{"rendered":"<h1 style=\"text-align: center;\"><span style=\"color: #0000ff;\">Balkan 4.0 completed<br \/>\n<\/span><span style=\"color: #800000;\">Tour 2025<\/span><\/h1>\n<p style=\"text-align: center;\"><span style=\"color: #0000ff;\">&#8212;-&gt; hier geht es zum <a style=\"color: #0000ff;\" href=\"https:\/\/www.contino-tour.de\/?page_id=8618\">Tourenbericht<\/a><\/span><\/p>\n<p style=\"text-align: center;\"><a href=\"https:\/\/www.contino-tour.de\/?page_id=8571\">&#8212;-&gt; und hier zu den ersten Videos<\/a><\/p>\n<hr \/>\n<p style=\"text-align: center;\"><img loading=\"lazy\" decoding=\"async\" class=\"alignnone wp-image-5468\" src=\"https:\/\/www.contino-tour.de\/wp-content\/uploads\/2023\/04\/Contino-TouR-Sticker_rund-300x300.jpg\" alt=\"\" width=\"200\" height=\"200\" srcset=\"https:\/\/www.contino-tour.de\/wp-content\/uploads\/2023\/04\/Contino-TouR-Sticker_rund-300x300.jpg 300w, https:\/\/www.contino-tour.de\/wp-content\/uploads\/2023\/04\/Contino-TouR-Sticker_rund-1024x1024.jpg 1024w, https:\/\/www.contino-tour.de\/wp-content\/uploads\/2023\/04\/Contino-TouR-Sticker_rund-150x150.jpg 150w, https:\/\/www.contino-tour.de\/wp-content\/uploads\/2023\/04\/Contino-TouR-Sticker_rund-768x768.jpg 768w, https:\/\/www.contino-tour.de\/wp-content\/uploads\/2023\/04\/Contino-TouR-Sticker_rund-100x100.jpg 100w, https:\/\/www.contino-tour.de\/wp-content\/uploads\/2023\/04\/Contino-TouR-Sticker_rund.jpg 1500w\" sizes=\"auto, (max-width: 200px) 100vw, 200px\" \/><\/p>\n<h1 style=\"text-align: center;\"><em><span style=\"color: #0000ff;\">Tagestouren<\/span><\/em><\/h1>\n<p>Auf einer unserer Tagestouren im Fr\u00fchjahr 2023 vor der <span style=\"color: #000080;\"><em><a style=\"color: #000080;\" href=\"https:\/\/www.contino-tour.de\/?page_id=5868\">TouR des gorges<\/a><\/em>\u00a0<\/span> hat Rocco einen Abstecher zu einem &#8222;Secret Place&#8220; eingebaut &#8211; zum <em>&#8222;Krai Woog Gumpen&#8220;. <\/em><\/p>\n<p>Das war so sch\u00f6n und uns ist so richtig bewusst geworden, dass wir hier in unserem sch\u00f6nen Schwarzwald viele beeindruckende Orte und Naturschauspiele im kleinsten Umkreis haben und es sich lohnt, genauer hinzusehen!<\/p>\n<p>So beschlossen wir, m\u00f6glichst auf jeder unserer Touren neben den ohnehin sch\u00f6nen Strecken zuk\u00fcnftig auch ein\u00a0 &#8222;Sightseeing&#8220; einzubauen.<\/p>\n<p>Wir nehmen also das mit, was &#8222;auf dem Weg&#8220; liegt und lassen Dich gern daran teilhaben &#8211; auch als Inspiration, den Schwarzwald selbst zu erkunden <span style=\"font-size: 10pt;\">(und dieses Mal sind da auch ein paar Zahlen \/ Daten \/ Fakten dabei &#8211; ganz entgegen unserer Gewohnheit, hahaha)<\/span><\/p>\n<p style=\"text-align: center;\"><span style=\"color: #0000ff;\">Hier unsere\u00a0 <span style=\"color: #008080;\"><a style=\"color: #008080;\" href=\"https:\/\/www.contino-tour.de\/?page_id=5486\">Sightseeings<\/a><\/span> in der Videothek.<\/span><\/p>\n<p style=\"text-align: center;\">Viel Spa\u00df dabei<\/p>\n<p style=\"text-align: center;\">\ud83d\ude42<\/p>\n<p><span style=\"font-size: 18pt;\">======================================<\/span><\/p>\n<p style=\"text-align: center;\"><span style=\"font-size: 18pt;\"><strong><span style=\"color: #000080;\">Willkommen<\/span><\/strong><\/span><\/p>\n<p style=\"text-align: center;\"><span style=\"color: #008000;\"><span style=\"font-size: 14pt;\"><strong>Was Du hier findest<\/strong><\/span><br \/>\n<\/span><\/p>\n<p style=\"text-align: center;\">Berichte und Bilder \u00fcber unsere <strong><em>pers\u00f6nlichen<\/em><\/strong> Eindr\u00fccke, Ausblicke und Gef\u00fchle w\u00e4hrend unserer Touren<\/p>\n<p style=\"text-align: center;\"><span style=\"font-size: 14pt;\"><strong><span style=\"color: #800000;\">Was Du hier NICHT finden wirst<\/span><\/strong><\/span><\/p>\n<p style=\"text-align: center;\"><strong><em>touristische<\/em><\/strong> oder gar <em><strong>historische<\/strong> <\/em>Berichte \u00fcber die L\u00e4nder und St\u00e4dte, die wir befahren.<\/p>\n<p style=\"text-align: center;\"><em><span style=\"font-size: 10pt;\">(seit 2022:\u00a0 In den Videos sind jedoch immer mal wieder Daten und Fakten zu finden)<\/span><\/em><\/p>\n<p style=\"text-align: center;\">Wenn Du also mehr \u00fcber die L\u00e4nder und deren Geschichte erfahren willst, dann musst Du Dir einen Tourismus-Guide kaufen &#8211; sorry<\/p>\n<p style=\"text-align: center;\">Alles auf dieser Site ist ERLEBT !<\/p>\n<p style=\"text-align: center;\">Also entspann Dich und hab genauso viel Freude daran wie wir sie hatten<\/p>\n<p style=\"text-align: center;\"><span style=\"font-size: 18pt;\">\ud83d\ude42<\/span><\/p>\n","protected":false},"excerpt":{"rendered":"<p>Balkan 4.0 completed Tour 2025 &#8212;-&gt; hier geht es zum Tourenbericht &#8212;-&gt; und hier zu den ersten Videos Tagestouren Auf einer unserer Tagestouren im Fr\u00fchjahr 2023 vor der TouR des gorges\u00a0 hat Rocco einen Abstecher zu einem &#8222;Secret Place&#8220; eingebaut &#8211; zum &#8222;Krai Woog Gumpen&#8220;. Das war so sch\u00f6n und uns ist so richtig bewusst &hellip; <\/p>\n<p class=\"link-more\"><a href=\"https:\/\/www.contino-tour.de\/\" class=\"more-link\"><span class=\"screen-reader-text\">\u201eStartseite\u201c <\/span>weiterlesen<\/a><\/p>\n","protected":false},"author":1,"featured_media":0,"parent":0,"menu_order":0,"comment_status":"closed","ping_status":"closed","template":"","meta":{"footnotes":""},"class_list":["post-11","page","type-page","status-publish","hentry"],"_links":{"self":[{"href":"https:\/\/www.contino-tour.de\/index.php?rest_route=\/wp\/v2\/pages\/11","targetHints":{"allow":["GET"]}}],"collection":[{"href":"https:\/\/www.contino-tour.de\/index.php?rest_route=\/wp\/v2\/pages"}],"about":[{"href":"https:\/\/www.contino-tour.de\/index.php?rest_route=\/wp\/v2\/types\/page"}],"author":[{"embeddable":true,"href":"https:\/\/www.contino-tour.de\/index.php?rest_route=\/wp\/v2\/users\/1"}],"replies":[{"embeddable":true,"href":"https:\/\/www.contino-tour.de\/index.php?rest_route=%2Fwp%2Fv2%2Fcomments&post=11"}],"version-history":[{"count":93,"href":"https:\/\/www.contino-tour.de\/index.php?rest_route=\/wp\/v2\/pages\/11\/revisions"}],"predecessor-version":[{"id":8150,"href":"https:\/\/www.contino-tour.de\/index.php?rest_route=\/wp\/v2\/pages\/11\/revisions\/8150"}],"wp:attachment":[{"href":"https:\/\/www.contino-tour.de\/index.php?rest_route=%2Fwp%2Fv2%2Fmedia&parent=11"}],"curies":[{"name":"wp","href":"https:\/\/api.w.org\/{rel}","templated":true}]}}