{"id":12,"date":"2019-03-11T17:53:10","date_gmt":"2019-03-11T16:53:10","guid":{"rendered":"http:\/\/www.tanja-contino.de\/?page_id=12"},"modified":"2025-09-12T19:55:32","modified_gmt":"2025-09-12T17:55:32","slug":"ueber-mich","status":"publish","type":"page","link":"https:\/\/www.contino-tour.de\/?page_id=12","title":{"rendered":"\u00dcber uns"},"content":{"rendered":"<p><img loading=\"lazy\" decoding=\"async\" class=\"aligncenter size-full wp-image-3382\" src=\"https:\/\/www.contino-tour.de\/wp-content\/uploads\/2022\/01\/IMG_4362_6-1.jpg\" alt=\"\" width=\"1024\" height=\"576\" srcset=\"https:\/\/www.contino-tour.de\/wp-content\/uploads\/2022\/01\/IMG_4362_6-1.jpg 1024w, https:\/\/www.contino-tour.de\/wp-content\/uploads\/2022\/01\/IMG_4362_6-1-300x169.jpg 300w, https:\/\/www.contino-tour.de\/wp-content\/uploads\/2022\/01\/IMG_4362_6-1-150x84.jpg 150w, https:\/\/www.contino-tour.de\/wp-content\/uploads\/2022\/01\/IMG_4362_6-1-768x432.jpg 768w\" sizes=\"auto, (max-width: 706px) 89vw, (max-width: 767px) 82vw, 740px\" \/><\/p>\n<p>Wir, Tanja und Rocco, machen seit 2012 (fast) jedes Jahr eine Motorrad-Tour.<\/p>\n<p>Rocco f\u00e4hrt seit 2005 Motorrad. Seine erste Tour war geplant, bevor er \u00fcberhaupt den F\u00fchrerschein hatte, demnach musste dieser innerhalb von 8 Wochen erledigt werden und 5 Tage sp\u00e4ter war er schon mit einem Leih-Motorrad auf dem Stilfser Joch \ud83d\ude09\u00a0 Sein erstes eigenes Motorrad war eine Suzuki VS 800 (Intruder). Die &#8222;Trude&#8220; hat ihn \u00fcberall hin gebracht, auch durch die engsten Kurven, aber seit 2013 nennt er eine BMW F 800 GS sein eigen.<\/p>\n<p>Ich selbst bin zun\u00e4chst als Sozia bei Rocco unterwegs gewesen. Ich dachte immer, selber Motorrad fahren sei nix f\u00fcr mich, da ich ja so kurz geraten bin. Durch Zufall wurde ich jedoch &#8222;infiziert&#8220; und mitfahren war keine Option mehr. So habe ich noch im Herbst 2006 den F\u00fchrerschein gemacht. Bedingt durch meine erw\u00e4hnte K\u00fcrze (158cm) war jedoch schon die Suche nach einem Fahrschul-Motorrad eine Odyssee &#8211; daher habe ich mit dem eigenen Motorrad, einer Yamaha Virago XV 535 (die &#8222;Zicke&#8220;) meinen F\u00fchrerschein machen m\u00fcssen. Als Einstiegs-Motorrad war die Zicke ganz gut, zumal unsere Kinder (damals 6 und 8 Jahre alt) oft mitgefahren sind, aber 2010 bin ich\u00a0 auf die BMW F 650 GS umgestiegen &#8211; meine &#8222;Prinzessin&#8220; &#8211; und so haben sich ganz neue Welten (und Touren) er\u00f6ffnet !!!<\/p>\n<p>Auch wenn wir im wundersch\u00f6nen Schwarzwald leben, wo es reichlich tolle Strecken gibt, erweitern wir kontinuierlich unseren Radius. Der Schwarzwald ist f\u00fcr uns sozusagen &#8222;Trainings-Terrain&#8220; \ud83d\ude09<\/p>\n<p>Motorradfahren bedeutet f\u00fcr uns:<\/p>\n<ul>\n<li>dem Alltag entfliehen<\/li>\n<li>Spa\u00df haben<\/li>\n<li>eigene Grenzen erkunden<\/li>\n<li>Neues entdecken<\/li>\n<\/ul>\n<p>Hier m\u00f6chten wir unsere Erlebnisse \/ Bilder mit Euch teilen.<\/p>\n<p>Viel Spa\u00df !!!<\/p>\n","protected":false},"excerpt":{"rendered":"<p>Wir, Tanja und Rocco, machen seit 2012 (fast) jedes Jahr eine Motorrad-Tour. Rocco f\u00e4hrt seit 2005 Motorrad. Seine erste Tour war geplant, bevor er \u00fcberhaupt den F\u00fchrerschein hatte, demnach musste dieser innerhalb von 8 Wochen erledigt werden und 5 Tage sp\u00e4ter war er schon mit einem Leih-Motorrad auf dem Stilfser Joch \ud83d\ude09\u00a0 Sein erstes eigenes &hellip; <\/p>\n<p class=\"link-more\"><a href=\"https:\/\/www.contino-tour.de\/?page_id=12\" class=\"more-link\"><span class=\"screen-reader-text\">\u201e\u00dcber uns\u201c <\/span>weiterlesen<\/a><\/p>\n","protected":false},"author":1,"featured_media":0,"parent":0,"menu_order":0,"comment_status":"closed","ping_status":"closed","template":"","meta":{"footnotes":""},"class_list":["post-12","page","type-page","status-publish","hentry"],"_links":{"self":[{"href":"https:\/\/www.contino-tour.de\/index.php?rest_route=\/wp\/v2\/pages\/12","targetHints":{"allow":["GET"]}}],"collection":[{"href":"https:\/\/www.contino-tour.de\/index.php?rest_route=\/wp\/v2\/pages"}],"about":[{"href":"https:\/\/www.contino-tour.de\/index.php?rest_route=\/wp\/v2\/types\/page"}],"author":[{"embeddable":true,"href":"https:\/\/www.contino-tour.de\/index.php?rest_route=\/wp\/v2\/users\/1"}],"replies":[{"embeddable":true,"href":"https:\/\/www.contino-tour.de\/index.php?rest_route=%2Fwp%2Fv2%2Fcomments&post=12"}],"version-history":[{"count":9,"href":"https:\/\/www.contino-tour.de\/index.php?rest_route=\/wp\/v2\/pages\/12\/revisions"}],"predecessor-version":[{"id":8179,"href":"https:\/\/www.contino-tour.de\/index.php?rest_route=\/wp\/v2\/pages\/12\/revisions\/8179"}],"wp:attachment":[{"href":"https:\/\/www.contino-tour.de\/index.php?rest_route=%2Fwp%2Fv2%2Fmedia&parent=12"}],"curies":[{"name":"wp","href":"https:\/\/api.w.org\/{rel}","templated":true}]}}